 0)*(-3)/(15/2015).
3, 13, 31
Let u(q) = -q**2 - 14*q - 27. List the prime factors of u(-11).
2, 3
Let d(p) = p**3 + 5*p**2 + 3*p - 3. Let w be d(-4). Let x be -1 + (-3)/((-3)/3). Suppose x*j - 7 = w. List the prime factors of j.
2
Let x be (2 + -1 + 2)*-1. Let z be (-1)/(-1) + (-8)/4. List the prime factors of (17/x)/(z/3).
17
Suppose -o = 3*o - 1516. Let i be 2/9 - 86/(-18). Suppose i*p = o - 79. List the prime factors of p.
2, 3, 5
Let q(r) = r + 60 + 24*r - 57. Let l be q(-4). Let x = 146 + l. List the prime factors of x.
7
Suppose 0 = -3*x - 4*d + 2, 0 = -2*x + d - 1 + 17. Let r be 84/(-18)*x/(-4). Let l = r - -19. List the prime factors of l.
2, 13
Let n = -110 - -336. Let l = n - 139. Suppose 2*y - l = -2*o + o, 5*y - 3*o - 212 = 0. What are the prime factors of y?
43
Let x(t) be the third derivative of t**4 - 7*t**3 + 33*t**2. List the prime factors of x(12).
2, 3, 41
Suppose -g + 9 - 9 = 0. Suppose g*d + 5*d - 515 = 0. What are the prime factors of d?
103
Let m = -82 - -86. Suppose -16 = m*l, 0 = 3*n - l - 107 - 602. List the prime factors of n.
5, 47
Let q(f) = -76*f**3 + f + 7. What are the prime factors of q(-2)?
613
Let z be 2/7 + (-7)/((-98)/80). Suppose 4*t + 3*g = 145, -3*t + z*t = -2*g + 108. List the prime factors of t.
2, 17
Suppose 411 = f - 4*n, -4*n - 34 = 4*f - 1578. What are the prime factors of f?
17, 23
Suppose -r + 0 = -3. Let j be 5 - ((-24)/(-4) + -9). Suppose -r*i + j = -4. List the prime factors of i.
2
Let v be (7 - (0 - -4)) + 4. Let y = v - -44. What are the prime factors of y?
3, 17
Let i(b) = -4*b + 124. What are the prime factors of i(25)?
2, 3
List the prime factors of (8283/(-198))/((-22)/(-12) - 2).
251
Let d(k) = k**3 - 6*k**2 + 6*k - 2. Let q be 3/6*(-40)/(-4). Let i be d(q). Suppose -i*b = -8*b + 300. What are the prime factors of b?
2, 3, 5
Suppose 1840 = 4*l + 5*q, 8*q = 7*q. List the prime factors of l.
2, 5, 23
Suppose 2*r - 4*r - 3*i = 41, -2*r + 3*i - 35 = 0. Let s = -23 - -58. Let l = s + r. List the prime factors of l.
2
Suppose -2*h = 3*m + 2*h - 4, -22 = -3*m + 5*h. What are the prime factors of 1/((-6)/(-177))*m?
2, 59
Suppose -9216 = 7*n - 19*n. Suppose -104 = -4*c + n. List the prime factors of c.
2, 109
Let y = 6 - 8. Let x = 6 + y. Suppose -3*s - x*t + 8 = -15, 0 = -2*s + 4*t + 2. What are the prime factors of s?
5
Let t(y) = -7*y + 20. Suppose -34*m + 24 = -38*m. What are the prime factors of t(m)?
2, 31
Let y(a) = 11*a + 2. Let q be y(-1). Let t(o) = o**3 + 10*o**2 + 5*o - 8. What are the prime factors of t(q)?
2, 7
Let b = -5 + 11. Let l(j) = j**2 + 4*j**3 - 5*j**3 - j + 3 + 0 - b*j**2. What are the prime factors of l(-5)?
2
Let n(g) = 2*g**3 + 35*g**2 - 23*g - 21. List the prime factors of n(-16).
5, 223
Let z(v) = v**3 + 10*v**2 - 4*v. Let u(p) be the second derivative of p**5/20 - p**4/3 - p**3/2 + p**2 + 6*p. Let c be u(4). What are the prime factors of z(c)?
2, 5
Let k = -25 + 22. Let l be (-1)/(4 + k)*7. List the prime factors of ((-69)/9)/(l/21).
23
Let g(t) = -6*t - 5 - 1 - 2 - 7 + 6*t**2. What are the prime factors of g(-6)?
3, 79
Suppose 0*y - 18470 = -5*y. Suppose 8*u = y - 1382. List the prime factors of u.
17
Let g(s) = 127*s + 14. List the prime factors of g(2).
2, 67
Suppose 8*g = 4*g + 8. Suppose q + 4*q + 2*z = 76, -z = g. Let v = q + -9. List the prime factors of v.
7
Let d(z) = 8*z + 118. Let s be d(-15). Suppose -u + 7 = -v + u, -4*u - 76 = 4*v. List the prime factors of s/5 + (-261)/v.
17
Let s(b) = b**3 + 6*b**2 - 10*b - 11. Let g be (75/(-12) + 4)*-8. Let l = g - 25. What are the prime factors of s(l)?
2, 5
Let y be (-11 - -18)/((-2)/(-2)). Suppose y*b + 3 = 94. What are the prime factors of b?
13
Let u(y) = y**2 + 5*y - 49. Let j(n) = -2*n**2 - 12*n + 122. Let v(x) = 5*j(x) + 12*u(x). List the prime factors of v(8).
2, 3, 5
Suppose 0 = -3*h + 6, 113 = 4*i - 5*h - 1. Let t = i + -2. List the prime factors of t.
29
Suppose -4*s = -5*l + 9, -5*s = l - 3*l - 10. Let m be 24/(-10) - s/(-10). List the prime factors of (-105)/m*4/5.
2, 3, 7
Let u(n) be the first derivative of 14*n + 15/2*n**2 + 1/3*n**3 - 1. What are the prime factors of u(-15)?
2, 7
Suppose 660 = 9*u - 2535. What are the prime factors of u?
5, 71
Suppose -181*l = -174*l - 7378. List the prime factors of l.
2, 17, 31
Let g(d) = -d + 19. Let t be g(8). Suppose 0 = 3*o - 2*o - t. What are the prime factors of o?
11
Suppose -3*c = -3*h, 4*h + 7 = -4*c + 23. Suppose -6*s = h*i - s - 47, 65 = 5*i + 2*s. What are the prime factors of i?
11
Let v(w) = 2*w**3 + 7*w**2 + 5. Let m be v(-5). Let g = 178 + m. What are the prime factors of g?
2, 3
Let x(j) = j**3 + j. Let v be x(1). Let t be (6/(-8))/(v/(-8)). Let z(f) = 2*f**3 - 4*f**2 - 1. List the prime factors of z(t).
17
Let j be ((-2)/3)/(2/(-6)). Let g(z) = 0 - j + 2 - 2*z. List the prime factors of g(-7).
2, 7
Suppose -5*f = -6*f + 105. Suppose -101*x = -f*x + 276. What are the prime factors of x?
3, 23
Let a = -846 - -848. List the prime factors of a.
2
Let c(x) = -x**3 + x**2 - x + 3. Let a be c(0). Let z = a + -3. Suppose -4*p = -s + 15, s + 2*s + 5*p + 6 = z. What are the prime factors of s?
3
Let p = 70 - 68. What are the prime factors of (-8)/(-12) - (p + 704/(-6))?
2, 29
Let u(j) = j**3 - 5*j**2 + 6*j - 6. Let g be u(4). Suppose -g*b + 15 = 3*b. Suppose -5*t + b*t = -64. What are the prime factors of t?
2
Let t = 91 + -92. List the prime factors of t/(-4) + (-9)/36 + 69.
3, 23
Let z = 28 + 11. Let i = 209 - z. What are the prime factors of i?
2, 5, 17
Let i = 31 - 30. List the prime factors of i*((-6)/(-2) - (-32 + 3)).
2
Let c(n) = 3*n**2 + 15*n - 12. List the prime factors of c(27).
2, 3, 5, 43
Let m = 271 + 374. List the prime factors of m.
3, 5, 43
Let p(n) = -233*n + 123. List the prime factors of p(-3).
2, 3, 137
What are the prime factors of -8*((-21)/(-6) - 3) + 469?
3, 5, 31
List the prime factors of 2/7 - (-21 - 76446/126).
2, 157
Let u(p) = -2*p**3 - 10*p**2 - 4*p + 19. List the prime factors of u(-12).
2083
Suppose 5*x + 5361 = 2*g, -10743 = -4*g - 16*x + 19*x. List the prime factors of g.
2, 3, 7
Let x = -1019 + 4180. List the prime factors of x.
29, 109
Let p be 112/3 + (-7)/21. Let d(t) = -t**3 + 3*t - 11. Let f be d(2). Let o = p + f. List the prime factors of o.
2, 3
Let o = 1337 - 699. List the prime factors of o.
2, 11, 29
Let b(v) = 4*v**3 - v**2 + 1. Let p(z) = -z + 2. Let y be p(1). Let f be b(y). Suppose -f*m = 72 - 172. What are the prime factors of m?
5
Suppose 4*n - 18 = 2*n. Suppose -n = -4*s + 39. List the prime factors of 62/3 - (-4)/s.
3, 7
Let d = 25 - 77. Let l(p) = -p**2 + 8*p - 1. Let b be l(11). Let x = b - d. List the prime factors of x.
2, 3
Suppose -6*y + 7*y = -28. Let g = y + 49. What are the prime factors of g?
3, 7
Let b(l) = 94*l + 1. Let t be 18/22 + 138/33 + -4. List the prime factors of b(t).
5, 19
Let h be ((-11)/33)/(1/(-6)). Suppose h*i + 0*i = 46. List the prime factors of i.
23
Suppose 3*v = -3*x + 2578 + 1235, -4*x - 5*v + 5083 = 0. What are the prime factors of x?
2, 3, 53
Suppose -7*s + 3945 = -2*s. What are the prime factors of s?
3, 263
Suppose 0 = 2*r + z - 6437, 2*r - 4*z - 7334 + 902 = 0. List the prime factors of r.
2, 1609
Let q = 4839 + -2636. List the prime factors of q.
2203
Suppose 15*j - 4*j - 1573 = 0. List the prime factors of j + 9/((-9)/(-2)).
5, 29
Suppose -2*b + 553 = 5*c, 5*b + 560 = 5*c - 0*b. Let h = c - 44. What are the prime factors of h?
67
Let s = 8 - -2. Let t(k) = 2*k**2 - 7*k - 14. What are the prime factors of t(s)?
2, 29
Suppose -5*s = 2*g - 9845, -3*s + 5921 = 6*g - 2*g. What are the prime factors of s?
7, 281
Let l be 5/20*0 + 6. Let j = l - -5. List the prime factors of j.
11
Let x(s) = s**2 - 14*s + 9. Let n be x(13). Let y be 2/(7/((-98)/n)). Let a(u) = 4*u - 5. List the prime factors of a(y).
23
Suppose 34 = 2*j - 0*j. Suppose 5*n = -3*l - 3 - j, 20 = -2*l - 5*n. What are the prime factors of (-2*21)/(-2 - l)?
3, 7
Let b(k) = -k - 33. Let x be b(0). Suppose 11*c = 5 + 501. Let q = c + x. What are the prime factors of q?
13
Suppose -4448*h = -4442*h - 20826. What are the prime factors of h?
3, 13, 89
Suppose 72 + 132 = -3*i. List the prime factors of (1 - -1)*i/(-8)*1.
17
Let f(c) be the third derivative of 1/2*c**5 + 0 + 1/12*c**4 + 0*c + 1/6*c**3 - 6*c**